base 14.
6387
What is 21411 (base 10) in base 8?
51643
What is 1056 (base 13) in base 4?
203130
Convert -2014 (base 5) to base 14.
-147
Convert 532 (base 7) to base 14.
152
-180 (base 15) to base 11
-294
Convert -15 (base 13) to base 6.
-30
112301 (base 4) to base 3
1222222
Convert 2bc (base 15) to base 12.
443
Convert 5 (base 9) to base 5.
10
-e60a (base 15) to base 12
-2416a
105347 (base 8) to base 10
35559
What is 253004 (base 6) in base 5?
1211214
Convert 3c (base 14) to base 11.
4a
Convert 4740 (base 8) to base 7.
10241
Convert 1 (base 9) to base 6.
1
What is -705a (base 13) in base 9?
-23171
d2 (base 14) to base 6
504
What is 32160 (base 7) in base 8?
17454
-4063 (base 7) to base 3
-1221111
Convert 318 (base 14) to base 7.
1531
Convert 12303 (base 4) to base 7.
1161
Convert -11111111000 (base 2) to base 14.
-a5a
What is -753 (base 8) in base 13?
-2ba
Convert 11012021 (base 3) to base 16.
bf2
What is 1342424 (base 5) in base 6?
333000
110010110111 (base 2) to base 12
1a73
Convert 112211 (base 4) to base 10.
1445
10887 (base 12) to base 8
52747
What is -1945 (base 11) in base 15?
-ae9
602 (base 8) to base 16
182
14dd9 (base 15) to base 16
106b6
What is -1212101011 (base 3) in base 16?
-8f74
Convert -2770 (base 10) to base 12.
-172a
1700 (base 14) to base 2
1000000010100
What is 3861 (base 12) in base 2?
1100100001001
Convert -5676 (base 10) to base 13.
-2778
What is 79b (base 15) in base 7?
5006
Convert -21102 (base 4) to base 7.
-1506
188 (base 12) to base 6
1052
What is -638 (base 10) in base 4?
-21332
-741 (base 10) to base 9
-1013
140 (base 10) to base 2
10001100
What is -79bc (base 13) in base 3?
-212101200
Convert -322344 (base 5) to base 6.
-122450
33223 (base 5) to base 12
1409
What is 53b (base 12) in base 13?
470
Convert 1155 (base 7) to base 16.
1b0
Convert -1004440 (base 5) to base 9.
-24250
Convert -11121 (base 11) to base 10.
-16116
What is 171a (base 13) in base 8?
6513
69 (base 11) to base 16
4b
12100222 (base 3) to base 15
125e
What is -1052 (base 7) in base 14?
-1d2
-60665 (base 8) to base 5
-1300023
Convert 55b (base 12) to base 11.
65a
5853 (base 9) to base 13
1c8c
-e2 (base 15) to base 16
-d4
Convert 13131 (base 4) to base 13.
2a9
Convert -56 (base 14) to base 8.
-114
9535 (base 13) to base 4
11002312
What is 659 (base 10) in base 14?
351
-30413 (base 12) to base 10
-62799
Convert -4389 (base 14) to base 16.
-2da5
What is 3331 (base 5) in base 7?
1234
Convert 332 (base 5) to base 4.
1130
What is 3de (base 15) in base 14?
472
-3444 (base 8) to base 11
-1412
What is 1104552 (base 6) in base 3?
2211010212
Convert -60d (base 16) to base 15.
-6d4
What is -31502 (base 7) in base 4?
-1321301
Convert 11011 (base 2) to base 13.
21
What is -100101101 (base 2) in base 7?
-610
Convert -1013 (base 9) to base 3.
-1000110
What is -1964 (base 13) in base 9?
-5182
Convert -1021 (base 5) to base 3.
-12001
What is -1501 (base 6) in base 7?
-1105
Convert -3a27 (base 16) to base 10.
-14887
What is 1101110 (base 2) in base 7?
215
What is 7a3 (base 15) in base 16?
6c0
Convert -30 (base 12) to base 3.
-1100
What is 36708 (base 9) in base 8?
60070
What is 2010132 (base 4) in base 5?
232403
Convert -1b0 (base 13) to base 16.
-138
Convert -10100110001000111 (base 2) to base 14.
-22ddd
-4616 (base 9) to base 15
-102c
2004 (base 7) to base 12
496
Convert -11634 (base 7) to base 16.
-bf7
1040 (base 5) to base 2
10010001
10002033 (base 4) to base 5
1012102
What is 10233101 (base 4) in base 9?
28555
Convert b17 (base 16) to base 8.
5427
Convert 2520 (base 9) to base 8.
3531
What is 16d79 (base 14) in base 12?
29367
Convert 381 (base 16) to base 15.
3ec
What is -58 (base 13) in base 9?
-81
What is 98c (base 14) in base 6?
12424
What is -430242 (base 5) in base 13?
-6764
What is -1902 (base 12) in base 4?
-233102
-6637 (base 11) to base 7
-34342
What is -153 (base 6) in base 16?
-45
Convert 50043 (base 6) to base 9.
8830
-242 (base 13) to base 6
-1452
What is -144102 (base 5) in base 10?
-6152
Convert 21001012 (base 3) to base 11.
3949
What is -30422 (base 5) in base 10?
-1987
3b6 (base 12) to base 9
703
10176 (base 13) to base 10
28827
Convert 31654 (base 7) to base 12.
4687
Convert 1010101000001100 (base 2) to base 5.
2343112
Convert 634 (base 7) to base 12.
227
-453 (base 13) to base 5
-10434
Convert 223312 (base 4) to base 12.
175a
What is 642 (base 14) in base 3?
1200201
194c (base 16) to base 11
4958
What is -12c2 (base 14) in base 13?
-1674
What is -2206 (base 14) in base 7?
-23106
Convert 111000010110110 (base 2) to base 12.
14846
-44434 (base 6) to base 11
-473a
Convert -310310 (base 4) to base 10.
-3380
What is -814 (base 13) in base 4?
-111121
Convert 12245 (base 6) to base 11.
1413
-96b (base 14) to base 4
-131003
Convert 42556 (base 7) to base 2.
10100101010000
What is 30 (base 6) in base 15?
13
Convert -3186 (base 16) to base 6.
-134410
Convert 66066 (base 8) to base 4.
12300312
Convert 896 (base 15) to base 2.
11110010101
2260 (base 7) to base 14
430
What is 11000100 (base 2) in base 14?
100
Convert 279 (base 16) to base 2.
1001111001
What is -12000 (base 7) in base 5?
-44322
-20012 (base 3) to base 16
-a7
What is -371 (base 11) in base 15?
-1e6
Convert 3203 (base 5) to base 8.
654
Convert -183 (base 14) to base 13.
-1ac
Convert -135314 (base 6) to base 3.
-122122101
-49a33 (base 11) to base 7
-416204
311332 (base 6) to base 4
12012020
Convert -2207 (base 13) to base 11.
-3619
-1533 (base 13) to base 9
-4206
445 (base 16) to base 2
10001000101
Convert -1025 (base 11) to base 6.
-10142
Convert -a13 (base 14) to base 3.
-2201020
What is -284 (base 14) in base 5?
-4013
What is -1012112 (base 3) in base 2?
-1101101110
What is -776a (base 14) in base 12?
-bb6a
Convert -15055 (base 8) to base 12.
-3a65
-2405 (base 6) to base 7
-1460
1121440 (base 5) to base 15
5eea
Convert 10100110000 (base 2) to base 9.
1735
What is 1102212 (base 3) in base 4?
100121
-10122 (base 4) to base 16
-11a
1175 (base 8) to base 6
2541
Convert 2797 (base 12) to base 3.
20021121
Convert 17368 (base 10) to base 14.
6488
Convert -11121220202 (base 3) to base 15.
-1beae
Convert 10a7 (base 12) to base 3.
2112201
What is 100111100110 (base 2) in base 10?
2534
Convert 9662 (base 10) to base 5.
302122
-247 (base 8) to base 16
-a7
Convert 2331 (base 10) to base 16.
91b
Convert -5132 (base 7) to base 11.
-1385
-12863 (base 11) to base 4
-10132210
Convert -3007 (base 16) to base 13.
-579a
What is -1300 (base 10) in base 14?
-68c
What is -35123 (base 11) in base 9?
-76520
What is 1100101 (base 2) in base 6?
245
What is 172 (base 12) in base 13?
149
Convert -1023 (base 8) to base 10.
-531
Convert -49722 (base 10) to base 11.
-343a2
Convert 111001110 (base 2) to base 16.
1ce
Convert 3765 (base 9) to base 8.
5375
Convert 3363 (base 7) to base 3.
1200020
Convert -722 (base 13) to base 7.
-3350
Convert 100212001 (base 3) to base 9.
10761
-dbc (base 16) to base 13
-17a6
What is 1852 (base 10) in base 8?
3474
What is 1a0 (base 12) in base 8?
410
-101021 (base 4) to base 3
-1111122
Convert 13663 (base 9) to base 15.
2b46
-876 (base 12) to base 10
-1242
Convert -a557 (base 12) to base 8.
-43223
What is 394 (base 11) in base 5?
3331
282 (base 13) to base 9
543
What is 110100001000 (base 2) in base 4?
310020
Convert 1010000010111 (base 2) to base 16.
1417
200242 (base 6) to base 2
11110100100010
-17143 (base 10) to base 5
-1022033
-100122220 (base 3) to base 8
-15604
ecb (base 16) to base 5
110122
Convert 4dc9 (base 14) to base 4.
3112011
Convert 12203 (base 8) to base 12.
3057
-25130 (base 9) to base 5
-1020000
Convert 61f (base 16) to base 12.
aa7
-26 (base 12) to base 9
-33
10111010111 (base 2) to base 13
8b0
Convert 434 (base 9) to base 8.
543
-10575 (base 8) to base 5
-120402
Convert 136 (base 14) to base 6.
1044
40c0 (base 14) to base 11
8411
Convert -8518 (base 12) to base 16.
-38e4
Convert 2cb (base 16) to base 4.
23023
7078 (base 9) to base 8
12066
20022121 (base 3) to base 16
11fe
-13533 (base 8) to base 5
-142404
414 (base 7) to base 3
21200
e374 (base 15) to base 4
23232202
Convert -7705 (base 10) to base 16.
-1e19
5234 (base 6) to base 3
1121111
14123 (base 5) to base 11
968
-4241 (base 8) to base 2
-100010100001
11776 (base 8) to base 14
1c18
Convert -120002 (base 3) to b